highest common divisor of p and j.
27
Suppose 5*l + 18 = 73. Suppose 5*o = -5*u + 360, 2*o + 0*o = -10. Calculate the greatest common factor of l and u.
11
Let l be (-4)/6 - (-41)/3. Suppose -21 = -2*u + l. What is the highest common divisor of 34 and u?
17
Suppose y + 5 = 23. What is the highest common factor of y and 27?
9
Suppose 24 = 3*r + r. Calculate the highest common divisor of 10 and r.
2
Let d(r) = -15*r - 15. Let o be d(-12). Let n be 3*(5 - (-2 + 2)). Calculate the greatest common factor of o and n.
15
Let h be 6*29/2 - -1. Suppose -2*y + 19 + 3 = 0. Calculate the greatest common divisor of y and h.
11
Let s(p) = p**2 - 7*p + 5. Let z be s(7). What is the greatest common factor of 25 and z?
5
Let o = 1 + 4. Suppose 0*c + 2*c - a - 87 = 0, 0 = -o*c - 5*a + 240. Let f = c - -30. Calculate the greatest common divisor of f and 30.
15
Suppose 5*c - 517 = -3*j, 4*c + 39 = -3*j + 452. Suppose -c - 40 = -2*m. Suppose 19 - 1 = v. What is the greatest common factor of v and m?
18
Let b = -1 - -4. Let k be 76/2*3/b. What is the greatest common factor of k and 57?
19
Suppose 4*b = -w - 1 + 6, 4*w - 20 = -2*b. Suppose 3*o - 3*x - 27 = 12, 2*x = -w*o + 79. Suppose o = 2*y - y. What is the greatest common divisor of 75 and y?
15
Suppose 52 = 5*g - 8. Let v = -5 - -89. What is the greatest common divisor of g and v?
12
Suppose -4*b = b. Suppose -s = -b - 5. Suppose 0*c - 2*c = 4, -s*p = c - 403. What is the highest common divisor of p and 9?
9
Let q = 38 - 27. Calculate the highest common divisor of 88 and q.
11
Suppose -3*m - 34 + 154 = 0. Suppose m - 187 = -3*w. Suppose w = 5*y - 21. What is the greatest common divisor of y and 98?
14
Suppose -2*k = k + m - 113, -k - 2*m = -46. Suppose 32 = 5*r - 4*j, 2*r - 3 + 7 = -4*j. What is the highest common factor of k and r?
4
Let f be (-4)/(-14) + 891/(-7). Let a = -71 - f. Let t = 1 + 6. What is the greatest common divisor of t and a?
7
Let v be (-4)/7*(-7)/2. Suppose -5*j = -5*l + 55, -l + 4*j - 3 = -v. Suppose 0 = -x + l + 8. What is the highest common divisor of 207 and x?
23
Suppose 5*n - 5*u - 260 = 905, 3*u = -3*n + 711. Calculate the highest common divisor of 47 and n.
47
Suppose -4*o + 164 = 3*w, 3*o + 48 = 3*w - 81. Calculate the highest common factor of 84 and w.
12
Let d = 6 - 4. Let f = 7 - d. Let p = -7 - -27. Calculate the highest common factor of p and f.
5
Suppose -4*i - 34 = -2*g, -4 = g + 3*i - 1. What is the greatest common factor of 81 and g?
9
Suppose 0*m + 2*m - 8 = 0. Let w be (24/30)/(m/50). Suppose -7 = -3*z + 2, 3*u = z + 42. Calculate the highest common factor of w and u.
5
Let p be (14*1)/(8/60). Suppose 3*y = -p - 24. Let z = 67 + y. Calculate the highest common factor of 6 and z.
6
Let s(k) = -27*k + 1. Let m be (2 + -3 - -2)*-1. Let c be s(m). What is the greatest common divisor of c and 4?
4
Suppose 2*v = 2, -4*l + 3*v + 0*v = -277. What is the greatest common factor of l and 14?
14
Let n = -52 + 74. Calculate the greatest common divisor of 55 and n.
11
Suppose -3*d = -4 + 1. Suppose 2*q + 15 = 7*q - m, 2*q + 6 = -2*m. Calculate the highest common factor of d and q.
1
Let j be (-3 + 2)*2 - -4. Let i(c) = -c + 2. Let n be i(2). Suppose 0 = 3*a + 3*o - 84, -o = -j*a - n*a + 62. Calculate the highest common divisor of 20 and a.
10
Suppose -d = -2*d - h + 82, h - 166 = -2*d. What is the highest common factor of 42 and d?
42
Let t = -14 + 18. Calculate the greatest common divisor of t and 2.
2
Let j be ((-40)/(-5))/(4 - 2). Let n(h) = -h**3 - 5*h**2 + 2*h - 4. Suppose -2*f + 0*f - 12 = 0. Let z be n(f). What is the greatest common divisor of z and j?
4
Let q(v) = 3*v**3 - 5*v - 3. Let x be q(-4). Let i = x + 311. Let u = 79 - 62. What is the greatest common factor of i and u?
17
Suppose 0 = 9*j - 8*j - 7. What is the highest common divisor of 63 and j?
7
Suppose 20 = -5*a - 0*a. Let n be (-3)/(3/a)*4. What is the greatest common factor of 2 and n?
2
Let r be (4 - 5)*1*-2. Let o be (2/4)/(r/540). Calculate the greatest common factor of o and 15.
15
Let j be (5 + 3)*(2 - 1). Let c be j + (3 - 2) + -3. Let u = c - -5. What is the highest common divisor of u and 77?
11
Suppose 8 = b - 1. Suppose 0*p = 3*p + 3*j - 246, j = -3*p + 244. What is the greatest common divisor of p and b?
9
Suppose -g = -6 + 3. What is the greatest common factor of 9 and g?
3
Let g = -37 + 69. Let p(q) be the second derivative of -q**4/12 - 2*q**3/3 + q**2/2 - q. Let v be p(-3). What is the highest common divisor of g and v?
4
Let y = 20 - 11. Suppose q - 3*x + 0 = 12, 28 = 3*q - 5*x. Let u(k) = -k**3 + 8*k**2 - 6*k. Let c be u(q). What is the highest common divisor of c and y?
9
Let b be (-5)/(30/4)*3. Let o(p) = p + 4. Let x be o(b). Let h = -5 - -6. Calculate the greatest common divisor of h and x.
1
Let m be (-3)/1*(-3)/(-1). Let i(u) = -u**2 - 10*u - 7. Let l be i(m). What is the highest common divisor of 2 and l?
2
Let g = 0 - 2. Let u(f) = -f**3 - f**2 - 4*f - 3. Let c be u(g). Let t(j) = -2*j - 5. Let i be t(-4). What is the greatest common factor of c and i?
3
Let f = 56 + -32. What is the highest common factor of f and 60?
12
Suppose 3*u - 5 = 4. Suppose 6*n + 18 = y + u*n, -4*n = -y + 21. Calculate the highest common factor of 27 and y.
9
Let f = -7 - -9. Suppose -f*r + 75 = 4*s - 155, 487 = 4*r - s. What is the highest common factor of 11 and r?
11
Let n be ((-11)/(-4))/(19/76). What is the greatest common factor of n and 121?
11
Let s = 100 - 64. What is the greatest common divisor of s and 54?
18
Let n = 6 - -1. Let v(d) = d**3 - 8*d**2 + 7*d + 1. Let k be v(n). Let j be 5 - (0 - -1 - k). What is the greatest common divisor of 25 and j?
5
Let k(o) = 15*o**2 + o + 1. Let v(c) = 46*c**2 + 3*c + 3. Let x(w) = 7*k(w) - 2*v(w). Let r be x(-2). Calculate the highest common factor of 17 and r.
17
Let v = 11 + -22. Let m = v - -15. Suppose 0 = 5*r - m*t - 72, -21 = -4*r - 3*t + 18. Calculate the greatest common factor of r and 8.
4
Let c(u) = -u**2 - 10*u - 19. Let n be c(-5). Suppose 53 = 5*i + 2*f, 2*i - 3 = 3*i - 3*f. What is the greatest common divisor of n and i?
3
Let k(z) = z**3 + 10*z**2 - 14*z + 3. Let x be k(-11). Let j = -16 + 20. What is the highest common factor of j and x?
4
Suppose 7 = 3*w - 2. Suppose 0 = -w*b + b + 18. What is the highest common factor of b and 9?
9
Suppose 5*a - 588 = 3*m, 348 = 3*a - 0*m - 3*m. Calculate the greatest common divisor of a and 48.
24
Let o be ((-2)/2)/((-3)/(-45)). Let a be ((-48)/o)/(-4)*-5. Let j(z) = z**3 + 6*z**2 - 2*z + 8. Let p be j(-6). What is the highest common factor of a and p?
4
Let c(o) = 2 + 2*o + 0 - 3*o + 6. Let r be c(-12). What is the highest common factor of r and 60?
20
Let s(i) = i + 5. Let l be (4 + 2)*1/1. Suppose 2*a - 3*a = -4*h - 8, -3*a + l = -3*h. Let p be s(a). Calculate the greatest common factor of p and 10.
5
Let l be -1 + -10 + -1 + 3. Let g = 12 + l. Calculate the greatest common divisor of 9 and g.
3
Let p = 5 - 9. Let s = -6 - p. Let k be 2 + (s - -4) + 7. What is the greatest common factor of 1 and k?
1
Let h = 1 - -8. Suppose 2*r = 39 + 51. What is the highest common factor of h and r?
9
Suppose -5*b + t + 14 = -3*b, -3*t = -6. Calculate the highest common divisor of 2 and b.
2
Suppose -3*l - 3 = 0, 4*l = -5*x + 2*l + 173. Suppose 4*y = -y + x. Suppose -j + 35 = 5*a - 2*a, 5*j + y = -a. Calculate the greatest common factor of a and 39.
13
Let z(d) = 2*d + 20. Let t be z(-6). What is the highest common divisor of 32 and t?
8
Let v be 1/(3*1/72). Suppose 0 = -w - 5*p - 12, -2*w + p - 5*p = v. Let d = 19 + w. Calculate the highest common divisor of 35 and d.
7
Suppose 4*u + 2*m - 308 = 0, -m - 2 = -2*m. Let w(b) = -b**3 + 6*b**2 - 6. Let i be w(5). Calculate the highest common divisor of u and i.
19
Let q be (-2 + 3)/(1/9). Suppose -h + 4*h = q. Let l(c) = c**3 - c**2 - 2*c. Let s be l(h). What is the greatest common factor of s and 84?
12
Let f(l) = -l**2 + 12*l - 5. Let q be f(8). Let i = 16 + 2. What is the greatest common divisor of i and q?
9
Let w(d) = -d**3 - 2*d**2 + d + 4. Let g = -8 - -5. Let j be w(g). Let z be j*1/(-5)*-6. What is the greatest common divisor of z and 84?
12
Let i = 1 - 0. Let q be i/(0 + -1) - -27. Let c = 15 + 24. What is the highest common divisor of c and q?
13
Suppose -4*r - 3*